 5957737 a composite number?
False
Is 26317757 a prime number?
True
Is 3493471 composite?
False
Is 15116141 composite?
True
Is 1572293 composite?
True
Is 3630511 a composite number?
True
Is 3344213 a prime number?
True
Is 269193437 composite?
False
Is 95234507 a prime number?
True
Is 13015087 prime?
False
Is 17123497 a composite number?
False
Is 4902379 a composite number?
False
Is 2895469 a prime number?
False
Is 156487 a prime number?
True
Is 183383719 prime?
False
Is 881919697 a composite number?
False
Is 1305371 prime?
True
Is 5314537 a composite number?
False
Is 10275467 a composite number?
True
Is 20364209 composite?
True
Is 319463 a prime number?
False
Is 174591307 composite?
True
Is 6817723 a composite number?
True
Is 10310897 a prime number?
True
Is 182068561 a composite number?
False
Is 292042519 a composite number?
True
Is 2048099 a composite number?
True
Is 28399981 composite?
True
Is 65820017 a composite number?
False
Is 101454251 a prime number?
True
Is 1455793 prime?
False
Is 40837101 composite?
True
Is 248375597 a prime number?
False
Is 326627593 prime?
True
Is 4279441 composite?
True
Is 272191643 composite?
False
Is 29540219 prime?
True
Is 1039001 prime?
True
Is 6614999 a composite number?
True
Is 19809179 prime?
False
Is 2324677 prime?
False
Is 6372991 a prime number?
False
Is 7727897 composite?
True
Is 63854069 a composite number?
True
Is 294562277 composite?
True
Is 69052537 composite?
False
Is 45837721 a prime number?
True
Is 16067981 a prime number?
True
Is 76645 a composite number?
True
Is 39226921 composite?
True
Is 75781877 prime?
True
Is 12967577 a prime number?
False
Is 20085767 composite?
True
Is 4160846 prime?
False
Is 18456877 a prime number?
False
Is 23113934 a prime number?
False
Is 3833734 a prime number?
False
Is 281532863 prime?
True
Is 1490507 prime?
True
Is 104657417 composite?
True
Is 747219554 composite?
True
Is 16129657 composite?
False
Is 1274549 composite?
False
Is 1559227 a composite number?
False
Is 4785031 a composite number?
False
Is 21026969 a prime number?
False
Is 3599581 prime?
True
Is 5856733 prime?
False
Is 235618 composite?
True
Is 426005 a prime number?
False
Is 546493 prime?
False
Is 5569559 a composite number?
False
Is 134669 a composite number?
False
Is 29800583 a composite number?
False
Is 216428621 a prime number?
True
Is 563623 prime?
True
Is 485012687 prime?
False
Is 5498039 prime?
True
Is 105033889 composite?
True
Is 72962059 composite?
False
Is 2918261 a composite number?
False
Is 4579163 a prime number?
False
Is 2938697 a composite number?
False
Is 5001119 prime?
True
Is 98850153 prime?
False
Is 369795757 composite?
True
Is 180916823 a prime number?
True
Is 3670427 a composite number?
True
Is 182219 composite?
True
Is 3033537697 a prime number?
True
Is 14649683 composite?
False
Is 218458489 composite?
True
Is 1782527 a prime number?
True
Is 627437831 composite?
False
Is 309084927 prime?
False
Is 433227 a prime number?
False
Is 8060551 a prime number?
True
Is 64949957 composite?
False
Is 3685371 prime?
False
Is 10980941 a prime number?
True
Is 424471 prime?
True
Is 164101862 composite?
True
Is 38642621 composite?
False
Is 14393 a prime number?
False
Is 5950715 composite?
True
Is 32554363 prime?
True
Is 15324289 prime?
True
Is 92065091 a prime number?
True
Is 4776451 composite?
False
Is 1290041 prime?
False
Is 37535959 prime?
True
Is 4245491 composite?
True
Is 31861963 prime?
False
Is 72624029 composite?
True
Is 8504747 a composite number?
True
Is 12450509 a composite number?
False
Is 2728321 prime?
True
Is 13800287 a prime number?
False
Is 32326369 a composite number?
False
Is 45929147 a composite number?
True
Is 3935753 a composite number?
False
Is 13432619 a composite number?
True
Is 83084698 a prime number?
False
Is 31840139 composite?
False
Is 92623 a prime number?
True
Is 52524379 composite?
True
Is 3664127 a prime number?
False
Is 2184326 a composite number?
True
Is 55410781 prime?
False
Is 3002897 prime?
False
Is 1693249 prime?
True
Is 6357179 a prime number?
True
Is 487159 a composite number?
True
Is 43858511 prime?
False
Is 856043 a composite number?
False
Is 2160673 prime?
False
Is 88443239 prime?
True
Is 64627793 prime?
True
Is 12216419 a composite number?
False
Is 1370713 a composite number?
True
Is 131221091 a composite number?
True
Is 84078219 a prime number?
False
Is 28152457 prime?
False
Is 1392421 prime?
False
Is 9537746 a prime number?
False
Is 3743813 a prime number?
False
Is 13278613 prime?
False
Is 99710441 composite?
False
Is 206841878 a composite number?
True
Is 151680301 prime?
True
Is 35144647 a composite number?
True
Is 8403971 composite?
True
Is 2107271 composite?
True
Is 5796741 a composite number?
True
Is 197654591 a composite number?
False
Is 2965693 prime?
True
Is 1250759 prime?
False
Is 5061561 a prime number?
False
Is 158524997 a composite number?
True
Is 27005997 a prime number?
False
Is 808208999 prime?
False
Is 19056853 a prime number?
True
Is 192440938 prime?
False
Is 180282139 a composite number?
False
Is 7823447 a composite number?
True
Is 582928573 a prime number?
True
Is 1673797 a prime number?
True
Is 45968669 a prime number?
True
Is 17456779 a composite number?
False
Is 397373 prime?
True
Is 15832923 a prime number?
False
Is 46803391 a prime number?
True
Is 161566879 a prime number?
True
Is 192836705 a prime number?
False
Is 7646567 a composite number?
False
Is 835789 a prime number?
True
Is 8013758 a composite number?
True
Is 2341397 a composite number?
True
Is 15358949 a composite number?
False
Is 26277791 a composite number?
False
Is 4765573 a composite number?
False
Is 11828071 composite?
False
Is 34115173 a prime number?
True
Is 904261 a composite number?
False
Is 19983043 a composite number?
False
Is 43706021 composite?
True
Is 424924345 a composite number?
True
Is 4560749 a prime number?
False
Is 105754507 composite?
True
Is 8639789 composite?
True
Is 1864691 a prime number?
True
Is 4769293 a prime number?
False
Is 13760909 composite?
True
Is 98374791 prime?
False
Is 7710701 a composite number?
False
Is 8090023 composite?
True
Is 4827359 a composite number?
False
Is 19056823 composite?
True
Is 14164289 a composite number?
False
Is 9719377 composite?
False
Is 26161573 composite?
False
Is 120157 prime?
True
Is 1789045 a composite number?
True
Is 2301461 prime?
True
Is 2780597 a prime number?
True
Is 22389217 prime?
True
Is 79252241 a composite number?
False
Is 324108767 a prime number?
True
Is 109114363 a composite number?
False
Is 3720511 composite?
False
Is 1594077 a prime number?
False
Is 2516603 a composite number?
False
Is 47116109 a composite number?
True
Is 3967853 composite?
True
Is 2840627 composite?
False
Is 85776041 composite?
True
Is 285914711 composite?
False
Is 16207559 a prime number?
False
Is 2807011 composite?
True
Is 100411 a composite number?
False
Is 2298577 prime?
True
Is 515993 prime?
True
Is 13424329 prime?
False
Is 265349 composite?
True
Is 9254149 prime?
True
Is 5761177 a composite number?
True
Is 1143013 prime?
True
Is 120147743 a composite number?
False
Is 1451603 a prime number?
True
Is 29713 prime?
False
Is 3053991 a composite number?
True
Is 32897877 prime?
False
Is 9672287 a composite number?
False
Is 8425607 composite?
True
Is 20860871 a composite number?
False
Is 1360589 a composite number?
False
Is 20932897 a composite number?
True
Is 49391845 prime?
False
Is 13583599 composite?
True
Is 8883427 prime?
False
Is 20701805 a composite number?
True
Is 4790517 a composite number?
True
Is 1269721 prime?
False
Is 4994659 prime?
True
Is 72916663 a prime number?
False
Is 14814455 composite?
True
Is 48066689 prime?
False
Is 19911235 a composite number?
True
Is 4851607 prime?
False
Is 34005206 a composite number?
True
Is 2937329 a composite number?
False
Is 239317567 prime?
True
Is 5925659 prime?
True
Is 9312487 prime?
True
Is 2636521 a prime number?
False
Is 600510959 a prime number?
True
Is 714443 composite?
False
Is 155887 composite?
False
Is 111125741 a prime number?
True
Is 21078829 a composite number?
False
Is 2711747 composite?
False
Is 150621701 a composite number?
True
Is 3264419 prime?
True
Is 469613 composite?
False
Is 5330939 a prime number?
False
Is 46159469 a prime number?
False
Is 5937137 a co